True
Suppose -5*w + 4*w - 2*o = -118115, -2*w + 236206 = -4*o. Is w composite?
True
Let w be 2031040/136 - (-8)/(-68). Let m = w - 7033. Is m a composite number?
False
Let c = -37096 - -95117. Suppose -5*g + 87364 = -c. Is g a prime number?
True
Let r(s) = 8*s**3 - 175*s**2 + 65*s - 91. Let q(j) = -2*j**3 + 44*j**2 - 16*j + 23. Let p(t) = 9*q(t) + 2*r(t). Is p(22) composite?
True
Let g = 264 + -258. Suppose -5*u + 14635 = t - g*t, 8781 = 3*u + 4*t. Is u prime?
True
Is 1873745/11 - (152/44 - 5 - -1) prime?
True
Let a(u) = 1395*u**2 + 7*u - 159. Is a(9) composite?
True
Is (9 + -12 - -1187730) + 4 + 4 composite?
True
Let c = 542 + 2563. Suppose 0 = g + 4*v - c - 3964, -g - v + 7060 = 0. Is g composite?
False
Let j be (-7 - 35/(-5)) + -1418. Is ((-39)/13)/(2/j) a prime number?
False
Is (21/(-15) - -1) + -949447*(-2)/10 prime?
False
Is 24545606/19 - -15 - 18 prime?
False
Let l(j) = -10906*j - 1987. Is l(-14) a composite number?
False
Let x(z) = 2015*z**3 + 3*z**2 - z + 5. Let r be x(2). Suppose -4*y + 9863 = 5*g - r, 19487 = 3*y - 2*g. Is y prime?
False
Let n = 72 - 40. Suppose -22*f + 23*f = -n. Let r = 53 + f. Is r composite?
True
Let t = 928 + -451. Let a = -334 + t. Is a composite?
True
Is 33433 + 227 - ((-4)/12)/((-2)/6) composite?
True
Let l(h) = 256*h - 65. Let s be l(8). Is s - 16/(8/2) composite?
False
Suppose -1190 = -2*w - u, -9*w + 3*u + 2986 = -4*w. Suppose -r + w = 373. Is r composite?
False
Suppose -5474*c = -5478*c + 2*z + 1276, 3*c - 935 = -4*z. Is c composite?
False
Let z(o) = -796*o + 5. Let c = -60 + 72. Suppose -c = 3*d - a, -d + 0 = -3*a - 4. Is z(d) composite?
True
Let o(d) = 737*d + 545. Is o(54) prime?
True
Suppose -9*w - 888696 = -2781014 - 596659. Is w composite?
False
Let g(p) = -9*p**3 - 3*p**2 - 6*p - 79. Suppose 21*m = -245 + 98. Is g(m) a composite number?
False
Suppose -4*t - 4*u = -2844, 2 = 5*u - 3. Let l = t - -2939. Is l a prime number?
False
Let b = 168 + -164. Suppose -5*k = -b*n + 6696, 19*n + 3*k = 22*n - 5019. Is n prime?
True
Is 17*-2*(659127/(-42) + 15) a prime number?
False
Suppose 0 = -2*w + 6*w - 8, -4*w - 20167 = -5*g. Let k be 4 + 5*10/25. Suppose 0 = k*h - h - g. Is h composite?
True
Let x(b) = b**3 - 8*b**2 + 2*b - 10. Let v be x(8). Suppose 2*a = -v*a + 21064. Is a a composite number?
False
Suppose 9*o - 16*o + 1838048 = 25*o. Is o prime?
False
Is 4816182/56*(-7)/((-21)/4) a composite number?
False
Suppose -4*j - 4*r = -56, 2*r + 91 = 7*j - 2*j. Let i = j - 13. Suppose -4*u + 8168 = -0*h - i*h, -5*h = 5. Is u a prime number?
False
Let d(n) = -n**2 - 22*n + 24. Let v be d(-16). Let c be v/(((-9)/(-14))/3). Suppose 4*z + 2703 = 3*l, -l - 5*z + c = -341. Is l a prime number?
False
Suppose 1240*h - 1229*h = 258599. Is h a composite number?
False
Let d(p) = 4*p - 47. Let y be d(9). Is (-1)/y - 791724/(-374) prime?
False
Let h(c) = 2094*c**2 - 6*c + 5. Let s be h(1). Let d = 5470 + s. Is d composite?
True
Let b = 234481 - 51920. Is b prime?
True
Let z(u) = -u**3 - 8*u**2 + 20*u + 3. Let i be z(-10). Suppose -4*a - 20*j + 23*j + 4001 = 0, i*a - 3006 = 4*j. Is a composite?
True
Let q(f) = 130*f**2 - 148*f - 427. Is q(-17) composite?
False
Suppose 23 = 5*a - 37. Let m(h) = 6*h**2 + 12*h - 4. Let g be m(a). Suppose 0 = o - 5*o + g. Is o composite?
False
Let p(v) = -v**3 - 22*v**2 - 5*v - 50. Let t be p(-21). Let y = t - -1557. Is y prime?
True
Let g(d) = 8206*d**2 - 34*d + 77. Is g(4) composite?
True
Suppose -2*c + 30926966 = 176*c. Is c a composite number?
True
Let y(b) = -b**3 - 2*b**2 - 8. Let w be y(0). Let h(s) = 13*s**2 - 9*s - 18. Let x be h(w). Let p = x - 629. Is p prime?
True
Let t be (7/2)/((-1)/(-4)). Suppose 412 = t*z - 16*z. Let b = -63 - z. Is b a composite number?
True
Suppose -12*c = 5400 - 1224. Let s be (-59)/(-2)*(2 - 4). Is (s/3)/(352/c - -1) prime?
False
Let w(a) be the first derivative of -73*a**4/2 + 4*a**3/3 + 3*a**2/2 + 2*a + 11. Let o = -83 + 82. Is w(o) a composite number?
False
Let j = -3861 + -1220. Let c = j + 10818. Is c a composite number?
False
Suppose -3*g + 1839333 = 3*j, -98*j - 1226190 = -2*g - 96*j. Is g a composite number?
True
Suppose 3*l + 150490 + 373779 = 4*c, 393223 = 3*c + 2*l. Is c prime?
True
Let s = 206513 + 315008. Suppose -53*k + 313812 = -s. Is k composite?
False
Suppose 0 = 6*z + 5 - 17. Is 688 + z + 3 - 2 a prime number?
True
Let p(u) = 6*u - 3. Let b be p(1). Let i(f) = b*f + 13 - 3*f + 0*f + 7*f. Is i(6) a composite number?
True
Suppose -617058 = -15*a - 109938. Suppose -k = o - 6758, 5*k - a = 40*o - 39*o. Is k prime?
True
Let u be ((1 - 0) + 2 + 0)*335. Suppose -4*x = c + 4*c - u, -4*c = 5*x - 795. Is c a composite number?
True
Let k be 6/10 - ((-52)/(-20) + -2). Is (-1 - k)*(27 + -5608) composite?
False
Suppose -2*k + 14 = 5*k. Let x(r) = 10*r**3 + r - 1. Let b be x(k). Let h = 136 + b. Is h a prime number?
False
Let n = 19944 + -8066. Is n a prime number?
False
Let j(a) = -7 + 0 - 620*a**3 - 2*a**2 - 6*a - 123*a**3. Is j(-2) a prime number?
False
Suppose 10 = -4*k + 2*k, 0 = 4*m + 5*k - 127175. Suppose -2*u - 11*l = -6*l - 31807, -2*l = -2*u + m. Is u a prime number?
True
Is -7*(-26 + (-695913)/133) a composite number?
False
Suppose -49*k + 130600 + 1696071 = 0. Is k a prime number?
False
Let n(j) = j - 8. Let g be n(8). Suppose 6*f + 4*b = 2*f + 1252, g = 4*f - 5*b - 1261. Is f composite?
True
Let h(f) = f**3 + 6*f**2 - f - 2. Suppose -g = -2*g - 6. Let v be h(g). Suppose -v*d - d + 6595 = 0. Is d composite?
False
Let m(r) = -7*r - 11*r - r**2 + 14*r + 32 - 13*r. Let w be m(-19). Let c(n) = 8*n**2 + 4*n - 13. Is c(w) a composite number?
False
Let t = 9520 + -5167. Suppose 18409 = -7*j + t. Is (-6)/4*j/6 - 3 a prime number?
True
Is (-16)/14 + (-413164482)/(-2422) a composite number?
True
Let l be 6057 + 0 - 1 - 44/(-44). Let c = l - 3698. Is c composite?
True
Suppose -24*u - 336772 - 216092 = 0. Suppose 3*g + 3*s - 22 = -1, 5*g + s = 55. Is u/(-20) - g/15 prime?
True
Let y(u) = -u**3 + 19*u**2 - 17*u + 31. Suppose -14*j - 16 = 264. Is y(j) a prime number?
True
Let d = 34 - 32. Suppose -d*o = -o - 3. Is o/2*(10240/6 + -2) a composite number?
False
Suppose 3*l = 5*n - 21, 4*n = -6*l + 2*l + 4. Suppose 4*i - 8249 = n*u, 4*i - 5*u = 2502 + 5745. Is i a composite number?
False
Let g = 24204 + -5902. Is g a prime number?
False
Suppose -9*i = -6*i + 12. Is (3 - i/(-2))/(2/7342) a composite number?
False
Let f = -18431 - -44210. Suppose 9769 = 4*i - f. Is i composite?
False
Suppose 5*s + 901 = 16*u - 17*u, u = 3*s + 547. Let n = s - -435. Is n composite?
True
Let x = 301414 - 171759. Is x a prime number?
False
Let a = -224306 + 597103. Is a composite?
False
Let p(s) = -34*s**3 + 8*s + 9. Let v = 90 + -20. Let m be 20/6*(-4 - v/(-25)). Is p(m) a composite number?
False
Suppose 97*h = 104*h - 581. Suppose -3*k + 5551 = 85*w - h*w, -8330 = -3*w - k. Is w a prime number?
True
Let f(n) = 162*n**2 + 2*n - 225. Is f(-13) composite?
False
Suppose -7*r + 8*r + 59 = 0. Is (r - 4619)/((-2)/5) a prime number?
False
Suppose -122*b - d - 14270 = -123*b, 4*d = -4. Is b composite?
True
Let x = -17078 - -67984. Is x composite?
True
Suppose 22093 - 4673 = 67*s. Let d be 324/7 + (-6)/21. Suppose -2*j - x = -s, j - 2*x - 181 = -d. Is j a composite number?
False
Is 5/2*(-1278124)/(-1730) a composite number?
False
Let o = 436805 - -16524. Is o a composite number?
False
Let j = 6133 + -10703. Let m = 19046 + j. Let k = m - 8363. Is k a composite number?
False
Let z be (0 + -11)*112/(-2). Suppose 1908 = -4*l + z. Let i = l + 1062. Is i prime?
True
Let z(a) = 133*a**3 + a**2 - a + 7. Let l be z(3). Suppose 3*h - 5*h = -l. Suppose 0 = -4*p + h - 454. Is p a prime number?
True
Is (132735/30)/((-2)/(-12)*(-57)/(-209)) composite?
True
Let j = -165 + 170. Suppose -j = 5*a, -a - 4*a + 5048 = q. Is q prime?
False
Is 2 + 496950 - (-8 - -9)*3 a prime number?
True
Suppose 2*w - 5*w + 3*d + 27 = 0, 3*w + 2*d - 7 = 0. Suppose 517 = 3*a + w*y, -879 = -5*a - 4*y - 0*y. Is a composite?
False
Let r(u) = -2*u**3 - 107*u**2 + 38*u - 74. Let y(k) = k**3 + 36*k**2 - 13*k + 25. Let l(x) = 4*r(x) + 11*y(x). Is l(17) a prime number?
True
Let h(j) = -20*j - 9. Let m be h(3). Let y = 60 + m. Is 2/(8/12*y/(-8223)) a prime number?
True
Suppose -2875691 = 97*d - 110*d. Is d prime?
False
Let h(t) = -77*t